{"id":9,"date":"2023-06-08T06:33:19","date_gmt":"2023-06-08T04:33:19","guid":{"rendered":"https:\/\/qualetudes.com\/?page_id=9"},"modified":"2026-01-18T13:27:26","modified_gmt":"2026-01-18T12:27:26","slug":"a-propos-de-nous","status":"publish","type":"page","link":"https:\/\/www.qualetudes.com\/index.php\/a-propos-de-nous\/","title":{"rendered":"\u00c0 propos de nous"},"content":{"rendered":"\n<hr class=\"wp-block-separator has-alpha-channel-opacity\"\/>\n\n\n\n<p>Chez <strong>Qualetudes Consultants<\/strong>, nous croyons que comprendre les dynamiques humaines, sociales et organisationnelles est la cl\u00e9 pour agir efficacement. C\u2019est pourquoi nous avons fait des sciences sociales notre c\u0153ur de m\u00e9tier \u2014 pour aider les organisations \u00e0 mieux lire leurs environnements, \u00e0 anticiper les transformations et \u00e0 renforcer leur capacit\u00e9 d\u2019action.<\/p>\n\n\n\n<p>Nous accompagnons les acteurs publics, associatifs et priv\u00e9s dans leurs r\u00e9flexions strat\u00e9giques, leurs projets de d\u00e9veloppement et leurs d\u00e9marches d\u2019\u00e9valuation. Notre mission : transformer la complexit\u00e9 du terrain en \u00e9clairages utiles, accessibles et directement exploitables.<\/p>\n\n\n\n<p class=\"has-white-color has-vivid-red-background-color has-text-color has-background has-link-color wp-elements-9213a78a1a4311f6af3bfca947d21674\"><strong>Une \u00e9quipe experte et engag\u00e9e<\/strong><\/p>\n\n\n\n<p><strong><br><\/strong>Nos consultants viennent des sciences humaines et sociales et partagent la m\u00eame exigence : croiser savoirs acad\u00e9miques, exp\u00e9rience de terrain et regard op\u00e9rationnel. Chaque mission s\u2019appuie sur une m\u00e9thodologie \u00e9prouv\u00e9e, adapt\u00e9e au contexte et pens\u00e9e pour produire des r\u00e9sultats tangibles.<\/p>\n\n\n\n<p class=\"has-white-color has-vivid-red-background-color has-text-color has-background has-link-color wp-elements-465009753a264aebbd40ea79c53a90bf\"><strong>Des champs d\u2019intervention vari\u00e9s<\/strong><\/p>\n\n\n\n<p><strong><br><\/strong>\u00c9tudes sociologiques, diagnostics territoriaux, \u00e9valuations de politiques publiques, appuis \u00e0 la communication ou formations au pilotage et \u00e0 la gouvernance\u2026 Nos prestations s\u2019adaptent \u00e0 la diversit\u00e9 de vos besoins, toujours avec le m\u00eame souci de clart\u00e9, de rigueur et d\u2019utilit\u00e9.<\/p>\n\n\n\n<p class=\"has-white-color has-vivid-red-background-color has-text-color has-background has-link-color wp-elements-e0a04a276872e45d467178721f0cfe7f\"><strong>Une approche fond\u00e9e sur la confiance<\/strong><\/p>\n\n\n\n<p><strong><br><\/strong>Au-del\u00e0 de notre expertise, nous pla\u00e7ons la relation humaine au centre de notre travail. \u00c9coute, dialogue et co-construction rythment nos collaborations. Nous croyons qu\u2019un conseil efficace na\u00eet d\u2019un v\u00e9ritable partenariat \u2014 o\u00f9 vos enjeux deviennent les n\u00f4tres et o\u00f9 chaque solution propos\u00e9e fait sens pour votre organisation.<\/p>\n\n\n\n<p>Chez Qualetudes, nous ne livrons pas seulement des analyses : nous donnons \u00e0 nos clients les moyens de mieux comprendre, d\u00e9cider et agir face aux transformations du monde.<\/p>\n\n\n\n<p class=\"has-white-color has-vivid-red-background-color has-text-color has-background has-link-color wp-elements-895f2fa9824cff0463aa8838b8bc56a8\"><strong>Et si nous imaginions ensemble les solutions qui feront grandir votre organisation\u202f?<\/strong><\/p>\n\n\n<div class=\"wp-block-image is-style-default\">\n<figure class=\"alignright size-full is-resized\"><img data-recalc-dims=\"1\" loading=\"lazy\" decoding=\"async\" width=\"640\" height=\"537\" src=\"https:\/\/i0.wp.com\/www.qualetudes.com\/wp-content\/uploads\/2024\/05\/Sekou-Cherif.png?resize=640%2C537&#038;ssl=1\" alt=\"\" class=\"wp-image-612\" style=\"aspect-ratio:1.1930864197530864;width:259px;height:auto\" srcset=\"https:\/\/i0.wp.com\/www.qualetudes.com\/wp-content\/uploads\/2024\/05\/Sekou-Cherif.png?w=940&amp;ssl=1 940w, https:\/\/i0.wp.com\/www.qualetudes.com\/wp-content\/uploads\/2024\/05\/Sekou-Cherif.png?resize=300%2C251&amp;ssl=1 300w, https:\/\/i0.wp.com\/www.qualetudes.com\/wp-content\/uploads\/2024\/05\/Sekou-Cherif.png?resize=768%2C644&amp;ssl=1 768w\" sizes=\"auto, (max-width: 640px) 100vw, 640px\" \/><\/figure>\n<\/div>\n\n\n<p><\/p>\n\n\n\n<p><\/p>\n\n\n\n<p><\/p>\n\n\n\n<p><\/p>\n\n\n\n<p class=\"has-text-align-right\"><strong>S\u00e9kou Ch\u00e9rif Diallo<\/strong><\/p>\n\n\n\n<p class=\"has-text-align-right\">Sociologue<\/p>\n\n\n\n<hr class=\"wp-block-separator has-alpha-channel-opacity\"\/>\n\n\n\n<div class=\"wp-block-group has-cyan-bluish-gray-background-color has-background\" style=\"padding-top:var(--wp--preset--spacing--80);padding-right:0;padding-bottom:var(--wp--preset--spacing--80);padding-left:0\"><div class=\"wp-block-group__inner-container is-layout-flow wp-block-group-is-layout-flow\">\n<div class=\"wp-block-buttons is-content-justification-center is-layout-flex wp-container-core-buttons-is-layout-16018d1d wp-block-buttons-is-layout-flex\">\n<div class=\"wp-block-button has-custom-width wp-block-button__width-100 is-style-outline is-style-outline--1\"><a class=\"wp-block-button__link has-white-color has-vivid-red-background-color has-text-color has-background has-link-color wp-element-button\" href=\"https:\/\/www.youtube.com\/@SolutionsGouvernance\"><strong>D\u00e9couvrez ma cha\u00eene<\/strong> <strong>Youtube<\/strong><\/a><\/div>\n\n\n\n<div class=\"wp-block-button has-custom-width wp-block-button__width-100 is-style-outline is-style-outline--2\"><a class=\"wp-block-button__link has-white-color has-vivid-red-background-color has-text-color has-background has-link-color wp-element-button\" href=\"https:\/\/www.amazon.fr\/communication-d%C3%A9veloppement-milieu-rural-guin%C3%A9en\/dp\/6131584605\"><strong>D\u00e9couvrez mon livre<\/strong><\/a><\/div>\n<\/div>\n\n\n\n<ul class=\"wp-block-social-links has-normal-icon-size has-icon-color has-icon-background-color is-content-justification-center is-layout-flex wp-container-core-social-links-is-layout-16450288 wp-block-social-links-is-layout-flex\" style=\"padding-top:var(--wp--preset--spacing--60);padding-bottom:var(--wp--preset--spacing--60)\"><li style=\"color:#000000;background-color:#ffffff;\" class=\"wp-social-link wp-social-link-x has-black-color has-white-background-color wp-block-social-link\"><a href=\"https:\/\/x.com\/RIFCHEDIALLO\" class=\"wp-block-social-link-anchor\"><svg width=\"24\" height=\"24\" viewBox=\"0 0 24 24\" version=\"1.1\" xmlns=\"http:\/\/www.w3.org\/2000\/svg\" aria-hidden=\"true\" focusable=\"false\"><path d=\"M13.982 10.622 20.54 3h-1.554l-5.693 6.618L8.745 3H3.5l6.876 10.007L3.5 21h1.554l6.012-6.989L15.868 21h5.245l-7.131-10.378Zm-2.128 2.474-.697-.997-5.543-7.93H8l4.474 6.4.697.996 5.815 8.318h-2.387l-4.745-6.787Z\" \/><\/svg><span class=\"wp-block-social-link-label screen-reader-text\">X<\/span><\/a><\/li>\n\n<li style=\"color:#000000;background-color:#ffffff;\" class=\"wp-social-link wp-social-link-facebook has-black-color has-white-background-color wp-block-social-link\"><a href=\"https:\/\/www.facebook.com\/sekoucherif.diallo\/?locale=fr_FR\" class=\"wp-block-social-link-anchor\"><svg width=\"24\" height=\"24\" viewBox=\"0 0 24 24\" version=\"1.1\" xmlns=\"http:\/\/www.w3.org\/2000\/svg\" aria-hidden=\"true\" focusable=\"false\"><path d=\"M12 2C6.5 2 2 6.5 2 12c0 5 3.7 9.1 8.4 9.9v-7H7.9V12h2.5V9.8c0-2.5 1.5-3.9 3.8-3.9 1.1 0 2.2.2 2.2.2v2.5h-1.3c-1.2 0-1.6.8-1.6 1.6V12h2.8l-.4 2.9h-2.3v7C18.3 21.1 22 17 22 12c0-5.5-4.5-10-10-10z\"><\/path><\/svg><span class=\"wp-block-social-link-label screen-reader-text\">Facebook<\/span><\/a><\/li>\n\n<li style=\"color:#000000;background-color:#ffffff;\" class=\"wp-social-link wp-social-link-linkedin has-black-color has-white-background-color wp-block-social-link\"><a href=\"https:\/\/www.linkedin.com\/in\/sekoucherifdiallo\/\" class=\"wp-block-social-link-anchor\"><svg width=\"24\" height=\"24\" viewBox=\"0 0 24 24\" version=\"1.1\" xmlns=\"http:\/\/www.w3.org\/2000\/svg\" aria-hidden=\"true\" focusable=\"false\"><path d=\"M19.7,3H4.3C3.582,3,3,3.582,3,4.3v15.4C3,20.418,3.582,21,4.3,21h15.4c0.718,0,1.3-0.582,1.3-1.3V4.3 C21,3.582,20.418,3,19.7,3z M8.339,18.338H5.667v-8.59h2.672V18.338z M7.004,8.574c-0.857,0-1.549-0.694-1.549-1.548 c0-0.855,0.691-1.548,1.549-1.548c0.854,0,1.547,0.694,1.547,1.548C8.551,7.881,7.858,8.574,7.004,8.574z M18.339,18.338h-2.669 v-4.177c0-0.996-0.017-2.278-1.387-2.278c-1.389,0-1.601,1.086-1.601,2.206v4.249h-2.667v-8.59h2.559v1.174h0.037 c0.356-0.675,1.227-1.387,2.526-1.387c2.703,0,3.203,1.779,3.203,4.092V18.338z\"><\/path><\/svg><span class=\"wp-block-social-link-label screen-reader-text\">LinkedIn<\/span><\/a><\/li>\n\n<li style=\"color:#000000;background-color:#ffffff;\" class=\"wp-social-link wp-social-link-tiktok has-black-color has-white-background-color wp-block-social-link\"><a href=\"https:\/\/www.tiktok.com\/@che_diallo\" class=\"wp-block-social-link-anchor\"><svg width=\"24\" height=\"24\" viewBox=\"0 0 32 32\" version=\"1.1\" xmlns=\"http:\/\/www.w3.org\/2000\/svg\" aria-hidden=\"true\" focusable=\"false\"><path d=\"M16.708 0.027c1.745-0.027 3.48-0.011 5.213-0.027 0.105 2.041 0.839 4.12 2.333 5.563 1.491 1.479 3.6 2.156 5.652 2.385v5.369c-1.923-0.063-3.855-0.463-5.6-1.291-0.76-0.344-1.468-0.787-2.161-1.24-0.009 3.896 0.016 7.787-0.025 11.667-0.104 1.864-0.719 3.719-1.803 5.255-1.744 2.557-4.771 4.224-7.88 4.276-1.907 0.109-3.812-0.411-5.437-1.369-2.693-1.588-4.588-4.495-4.864-7.615-0.032-0.667-0.043-1.333-0.016-1.984 0.24-2.537 1.495-4.964 3.443-6.615 2.208-1.923 5.301-2.839 8.197-2.297 0.027 1.975-0.052 3.948-0.052 5.923-1.323-0.428-2.869-0.308-4.025 0.495-0.844 0.547-1.485 1.385-1.819 2.333-0.276 0.676-0.197 1.427-0.181 2.145 0.317 2.188 2.421 4.027 4.667 3.828 1.489-0.016 2.916-0.88 3.692-2.145 0.251-0.443 0.532-0.896 0.547-1.417 0.131-2.385 0.079-4.76 0.095-7.145 0.011-5.375-0.016-10.735 0.025-16.093z\" \/><\/svg><span class=\"wp-block-social-link-label screen-reader-text\">TikTok<\/span><\/a><\/li><\/ul>\n<\/div><\/div>\n","protected":false},"excerpt":{"rendered":"<p>Chez Qualetudes Consultants, nous croyons que comprendre les dynamiques humaines, sociales et organisationnelles est la cl\u00e9 pour agir efficacement. C\u2019est pourquoi nous avons fait des sciences sociales notre c\u0153ur de m\u00e9tier \u2014 pour aider les organisations \u00e0 mieux lire leurs environnements, \u00e0 anticiper les transformations et \u00e0 renforcer leur capacit\u00e9 [&hellip;]<\/p>\n","protected":false},"author":1,"featured_media":0,"parent":0,"menu_order":0,"comment_status":"closed","ping_status":"closed","template":"","meta":{"footnotes":""},"class_list":["post-9","page","type-page","status-publish","hentry"],"aioseo_notices":[],"jetpack_sharing_enabled":true,"jetpack-related-posts":[],"_links":{"self":[{"href":"https:\/\/www.qualetudes.com\/index.php\/wp-json\/wp\/v2\/pages\/9","targetHints":{"allow":["GET"]}}],"collection":[{"href":"https:\/\/www.qualetudes.com\/index.php\/wp-json\/wp\/v2\/pages"}],"about":[{"href":"https:\/\/www.qualetudes.com\/index.php\/wp-json\/wp\/v2\/types\/page"}],"author":[{"embeddable":true,"href":"https:\/\/www.qualetudes.com\/index.php\/wp-json\/wp\/v2\/users\/1"}],"replies":[{"embeddable":true,"href":"https:\/\/www.qualetudes.com\/index.php\/wp-json\/wp\/v2\/comments?post=9"}],"version-history":[{"count":30,"href":"https:\/\/www.qualetudes.com\/index.php\/wp-json\/wp\/v2\/pages\/9\/revisions"}],"predecessor-version":[{"id":1076,"href":"https:\/\/www.qualetudes.com\/index.php\/wp-json\/wp\/v2\/pages\/9\/revisions\/1076"}],"wp:attachment":[{"href":"https:\/\/www.qualetudes.com\/index.php\/wp-json\/wp\/v2\/media?parent=9"}],"curies":[{"name":"wp","href":"https:\/\/api.w.org\/{rel}","templated":true}]}}